1 - -6).
-5
1 + -3 + (7 + -11 - -4)
-2
Calculate -3 + 5 + -5 + 1.
-2
What is 1 - -5 - (18 + -14)?
2
-4 + (-4 - (-4 + 0))
-4
What is 5 + 0 + 6 + (-5 - 13)?
-7
-11 + 13 + (0 - 0)
2
What is -2 + (0 - 7) + 13?
4
What is (-3 - (-1 - 0)) + 0?
-2
What is 0 - 0 - (-1 + -2 - 1)?
4
What is the value of (3 + -2 - 5 - 4) + 4?
-4
2 + (2 - (0 - (-3 + -2)))
-1
(-6 + 5 - 0) + 2 + -2
-1
What is 4 - (-5 + 3 - (2 - 6))?
2
What is 7 - 9 - (-3 + 0)?
1
What is (3 - 7) + -13 + 18?
1
Calculate 1 - ((-4 - (-1 - 2)) + 4).
-2
Calculate 1 - 5 - (-5 + (1 - -1)).
-1
What is 10 - (-1 - -17 - 15)?
9
(-1 - (1 + 0)) + 6 + 0
4
What is 4 - (0 - 12 - -6)?
10
3 + -4 - (0 + 0 + 2)
-3
-6 + 14 - (5 + -2)
5
What is the value of 1 - (-2 - -2 - (-1 - -1))?
1
-6 + (7 + -8 - -6)
-1
Calculate -4 - -1 - -3 - (-3 + 1).
2
-1 + 0 + 6 - (271 + -269)
3
9 + -14 - (-5 + 2)
-2
Evaluate -24 - (-15 - -6) - -11.
-4
What is the value of -6 + (-2 + 7 - 3)?
-4
What is (44 - 36) + -1 + -1?
6
What is -11 - ((-19 - -7) + 12)?
-11
Calculate (5 - 3) + -3 - 3.
-4
Evaluate -9 - (-14 + (-3 - -9)).
-1
What is the value of -9 - ((10 - 2) + -10)?
-7
What is the value of -1 + 4 + (4 - 4)?
3
Evaluate (-1 - 1) + (8 - (3 - -6)).
-3
8 - (14 + -6) - 10
-10
Evaluate (4 - (4 + -2)) + (-3 - 0).
-1
-3 + 4 + (-12 - -8) - 2
-5
Evaluate 0 + ((-1 - 1) + 2 - 4).
-4
What is 4 - ((6 - 2) + 2 + 1)?
-3
What is (3 + -2 - 1) + -2?
-2
Evaluate -9 + 4 + 13 + -14.
-6
What is the value of -1 + -7 - (-41 - -37)?
-4
(1 - (3 - -5 - 0)) + 2
-5
What is the value of 0 + 5 + -8 + 3?
0
5 + (-4 - -8) - 11
-2
-3 + -1 + -3 + 7 + -2
-2
What is the value of (-4 - -6) + (-1 - 1) + -4?
-4
-5 + (-6 - (-2 + -2))
-7
What is the value of (-5 + 4 - 4) + 4?
-1
Calculate 1 + (-2 - (-2 + 4)).
-3
Evaluate 1 + 3 + (2 - 5).
1
(-1 + 5 - -2) + 2 + -16
-8
What is the value of -35 + 27 - (1 + -1)?
-8
-5 + 5 + 1 - -4
5
What is (2 - 10) + -35 + 41?
-2
Evaluate -8 + 5 - (-4 + -2) - -3.
6
Evaluate -4 + -9 + 2 + 8.
-3
Evaluate 1 - (-13 - -5 - (-1 + -3)).
5
2 + 5 + -9 + 0
-2
What is the value of 6 - ((1 - (-1 + -1)) + -2)?
5
Calculate -1 - ((0 - 5) + -1).
5
What is the value of (-5 - -6) + 1 + (-2 - 1)?
-1
0 + -4 - (-5 + 1)
0
What is -3 + -1 - -1 - -2?
-1
What is 1 - -5 - (14 + -6 + -11)?
9
(0 - -3 - -9) + -5
7
Evaluate 0 - (-1 - (-5 + 9)).
5
-11 - (-2 - 3) - -3 - -3
0
Evaluate 5 - (1 + -1) - 4.
1
Evaluate -9 + 1 + -14 + 24.
2
(-5 - -3 - 3) + 5
0
What is 3 + (-6 + 1 - (-2 - -1))?
-1
Calculate -49 + 51 - (0 + (-2 - -1)).
3
Calculate -4 - (0 + -8) - (-3 - -9).
-2
Evaluate 1 - -3 - (2 + -6 + 6).
2
What is -2 - (3 + -1 + 1 + -10)?
5
Calculate 7 - (-3 - -11) - -6.
5
What is the value of (1 - -3) + -1 + 0 + -1?
2
What is -5 + 9 + (1 - 0 - 0)?
5
What is 2 + (-2 - (-2 - -3)) + 2?
1
What is the value of -4 + (2 - 2) + -3 + 9?
2
(-2 - (-6 + 7 - 3)) + -3
-3
Evaluate 1 + (-2 - 1) + 3 - 6.
-5
Calculate -6 - (-11 + 4 + -2).
3
0 + (4 + 2 - 7)
-1
(12 - 11) + 1 + -3
-1
3 - (-4 + (4 - 0))
3
What is (9 - -1) + (10 - 9) + -5?
6
-1 + 0 - -4 - (0 + 8)
-5
Evaluate 1 - 2 - (1 + -1) - 4.
-5
Calculate (0 - 0) + (7 - 2).
5
Calculate 3 - 8 - -6 - -3.
4
What is the value of 3 + -6 + (-4 - -8)?
1
Evaluate -9 - (2 + (3 - 8)).
-6
What is 4 - (1 + (3 - 7) + 6)?
1
10 + (2 - (0 - -3)) + -4
5
What is the value of (0 - (-3 + -1)) + -1 + 1?
4
Calculate 0 - -5 - 7 - (0 - -3).
-5
What is (2 + 6 - -5) + -8 - 7?
-2
Evaluate -6 + 2 + -2 - (15 + -23).
2
3 + (-10 - -6) + -2
-3
Evaluate -1 - (8 + -1) - (-43 - -42).
-7
Calculate -4 - (2 + (3 - 7)).
-2
Evaluate 1 - ((4 - 8) + 3).
2
1 - (2 + (-14 - -2))
11
What is the value of (-38 - -47) + (-8 - -1)?
2
What is 4 - (4 + 1) - -5 - 2?
2
Calculate -1 + 1 - 6 - (-152 + 144).
2
Evaluate -7 - -9 - -4 - 13.
-7
What is the value of (-1 - -6) + 1 + 0 - 2?
4
Calculate 2 + -4 - ((-4 - -3) + -6).
5
Calculate 3 + 1 + -4 + -6.
-6
What is -1 + (1 - (4 + -1) - -4)?
1
-174 - -184 - (1 - -6)
3
What is the value of 10 + 1 + (-7 - 1)?
3
1 + (7 - 2) + -3
3
-13 + (11 + -7 - -4)
-5
What is the value of -6 + (6 - 0 - -1)?
1
What is the value of 10 + (1 - 4) + 4 + -7?
4
What is (4 - -1) + -8 + -5?
-8
What is -12 + 12 + -5 + 12?
7
What is the value of (5 - (1 + 3)) + -6?
-5
Calculate (-4 - -1 - (-8 - -9)) + 1.
-3
What is (18 + -9 - 7) + -5?
-3
-7 - -1 - (0 + 1 + -2)
-5
Calculate 9 - (2 + (-8 + 5 - -18)).
-8
What is the value of 1 + -4 + (-51 - -50)?
-4
What is (6 - -2) + -16 + 7?
-1
Evaluate -11 - -2 - (-4 + 0 + 0).
-5
-10 - (-3 - (2 + -1) - 1)
-5
-7 - (-8 + 7) - 4
-10
Calculate 6 + -8 + 3 + 5.
6
(0 - 5) + (-8 - -6 - -3)
-4
-6 - (2 + 0 - 4)
-4
What is the value of 7 + (4 - (0 - 0)) + -8?
3
What is the value of -6 + 2 + -6 + 10?
0
What is 3 + 0 - 1 - 0?
2
(-2 - (3 - (10 - 3))) + -4
-2
7 - ((3 - -9) + -1 + 4)
-8
Evaluate -2 + (1 - -3) + -8.
-6
What is (-3 - 0) + (-14 + -6 - -23)?
0
Calculate (13 - 15 - -2) + (1 - -2).
3
What is the value of -5 + (-8 + 4 - -2)?
-7
Evaluate 6 - (-2 + (7 - 4)).
5
What is -58 + 65 + 2 + -3?
6
2 + (-5 - 8 - -6)
-5
Evaluate -8 + 11 + 2 + -5.
0
Evaluate -3 + 4 + -4 + (-2 - -3).
-2
What is the value of 6 + (-7 - (0 + -4))?
3
Calculate -3 - -11 - (11 + 0).
-3
Evaluate (1 - (16 + -5 - 6)) + -5.
-9
What is the value of (9 - 1) + (14 - 30) + 12?
4
(0 - -4) + 23 + -25
2
Evaluate 3 - (2 - -1 - (-1 + 5)).
4
What is (-13 - -6) + 8 - 8?
-7
6 + (-3 - -13 - 11)
5
What is the value of (-7 + 3 - -3) + 9?
8
75 - 75 - (2 - 1)
-1
Calculate 9 + -8 - (2 + -5 - 2).
6
What is the value of -9 - (-3 + 3 - (11 + -9))?
-7
Calculate 1 - (3 + -3) - 7.
-6
Calculate 0 + (2 - (1 - -2)) - 0.
-1
What is 1 - (-9 + 6 - (3 + -7))?
0
3 + 1 + (4 + -8 - 3)
-3
0 + (-8 - (4 + -15)) - -1
4
Calculate -3 + (-5 - -1) + 4.
-3
What is 0 + 4 - 2 - (1 + 1)?
0
What is -5 - (-1 + -15 + 8 + -3)?
6
What is (27 + -33 - (-1 - 3)) + 8?
6
What is the value of (1 + -1 - (16 + -16)) + 0?
0
What is the value of 46 + -42 + (-3 - -1)?
2
What is (-6 + 3 - -2) + 0 + 0?
-1
(-12 - -12) + -10 - (1 + -4)
-7
What is the value of (2 - 5 - -4) + (1 - 0)?
2
Evaluate -7 - (1 - 2 - 4 - -5).
-7
Calculate (-58 - -49) + (-1 - -8).
-2
What is (3 + 2 - 8) + -2 + 6?
1
Evaluate -6 + 15 + -6 - (5 + -8).
6
Evaluate (10 - 4) + (-7 - -4).
3
0 + (4 - 2) - (-3 - 0)
5
What is -38 + 36 - (0 - -4)?
-6
What is the value of 3 - (1 - -1) - -1 - -1?
3
Calculate (-3 - 0) + 4 + -4 + -1.
-4
Calculate 5 + (-9 - -3) - -5 - 10.
-6
Calculate 11 - -4 - 6 - 15.
-6
Calculate -5 + -2 - -5 - 6 - -2.
-6
What is the value of -12 + 8 + (-3 - -10 - 9)?
-6
What is (-6 - (3 - 0 - 1)) + 1?
-7
-1 + 5 + -5 - (0 - 1)
0
Evaluate 5 + (1 - -5) - (4 - -1).
6
Evaluate 1 - (4 + 5 + -5).
-3
Evaluate (0 - 2) + 2 + -21 + 27.
6
What is -21 + 15 - (-13 + 2)?
5
What is (-4 - 0) + 7 + -2?
1
What is -8 + 15 - 8 - (0 + -5)?
4
What is 7 - (-9 - -2 - (-28 - -22))?
8
What is the value of 0 + (11 - (-9 - -17))?
3
What is the value of -1 - (8 - 1) - 4 - -8?
-4
Evaluate (-2 - -4) + (9 - 6).
5
What is -3 - -3 - (4 - (4 + -4))?
-4
(-2 - -1) + 6 - (-5 + 9)
1
What is the value of -1 + 7 + -5 + 3 + -1?
3
What is the value of 3 - ((1 - 2) + 1)?
3
11 + (1 - 10) - 6
-4
What is the value of -8 + 9 + (-5 - 3)?
-7
What is -1 + 6 + (9 - 20)?
-6
What is the value of -2 + (-11 - -29) + -7?
9
What is the value of 4 - (1 + -3 + 4)?
2
What is -2 - (7 + -3) - (0 + -2)?
-4
What is the value of 7 + -5 - (2 + -5)?
5
What is the value of (-4 + 4 - -4) + -3?
1
(4 - (15 - 4)) + 3 - -6
2
What is -6 - -7 - 7 - -4?
-2
-1 + 12 + 7 + -11
7
Calculate -8 + 11 + -1 + (0 - -3).
5
Calculate 6 - -1 - 1 - (22 - 21).
5
What is the value of -13 + 5 + (7 - -2)?
1
Evaluate -10 + 4 + -5 + 9.
-2
What is (4 - 4 - (-9 + 3)) + -10?
-4
What is the value of 0 + (-13 - -9) + 3?
-1
What is -10 + 3 + (4 + 3 - 6)?
-6
Evaluate 8 + 8 + (-5 - 6).
5
Evaluate 0 + (-3 - -5) + -4.
-2
What is (-2 - -7) + 0 + -6 + 9?
8
Calculate -1 - 2 - (-13 - -4).
6
What is the value of -2 + 5 + -7 - 1?
-5
Evaluate 4 + 0 - (5 - (0 + 4)).
3
Calculate 8 - (3 - (0 - (0 - -1))).
4
Evaluate (-3 - (0 - -5)) + 4.
-4
Evaluate 17 + -14 - (2 - 1 - -3).
-1
What is -4 + 5 + -4 + -4 + 2?
-5
Calculate -7 - (-6 + 5 - 7).
1
What is the value of -1 + (-1 - (1 + (-6 - -3)))?
0
Calculate -1 + 0 + -3 + 2.
-2
Calculate 0 - (-1 + -1 + 0).
2
Evaluate -11 - -3 - (-10 - -4).
-2
What is 8 - (9 - -5) - -4?
-2
What is -8 + 1 + 9 + -9?
-7
What is the value of -12 + 9 - (0 - 0)?
-3
6 - -1 - (4 + -7 + 15)
